Does 641 divide 64784531?
False
Does 572 divide 63481502?
False
Is 33530828 a multiple of 139?
False
Does 223 divide 24635925?
True
Does 7 divide 64146733?
True
Is 13912769 a multiple of 23?
True
Is 194 a factor of 175670054?
False
Is 98843121 a multiple of 14?
False
Is 139039840 a multiple of 40?
True
Does 15 divide 5606654?
False
Is 440 a factor of 120843800?
True
Is 145404805 a multiple of 7?
True
Is 4982230 a multiple of 6?
False
Does 647 divide 73093410?
False
Is 111133046 a multiple of 538?
True
Is 7 a factor of 812226?
False
Is 6844117839 a multiple of 2771?
True
Does 1727 divide 20616060?
False
Does 21 divide 4966616319?
True
Is 78 a factor of 1927355118?
True
Is 91 a factor of 38259403?
True
Does 956 divide 1143300869?
False
Is 275 a factor of 62288325?
True
Is 8221287 a multiple of 249?
False
Is 415844144 a multiple of 488?
False
Does 10 divide 235110?
True
Does 44 divide 23128772?
False
Does 92 divide 5455650140?
True
Is 29085425 a multiple of 41?
False
Does 773 divide 2058499?
True
Does 158 divide 22362972?
False
Is 1368502619 a multiple of 517?
True
Does 10 divide 3936221000?
True
Is 58747662 a multiple of 582?
True
Does 1558 divide 104663620?
False
Is 4684 a factor of 2256132912?
True
Does 1663 divide 50408856?
True
Does 517 divide 27897837?
True
Does 1039 divide 79774420?
True
Is 5 a factor of 3158169?
False
Is 363 a factor of 1520611630?
False
Is 473842002 a multiple of 865?
False
Is 124 a factor of 1874295588?
True
Does 1257 divide 60145809?
False
Is 3 a factor of 51700588?
False
Does 1838 divide 646849178?
True
Is 1081 a factor of 29569674?
True
Is 100678550 a multiple of 283?
False
Does 55 divide 9192060?
False
Is 700005684 a multiple of 12?
True
Is 1393389285 a multiple of 450?
False
Is 4093092670 a multiple of 4997?
True
Is 216446695 a multiple of 355?
True
Is 1657105415 a multiple of 11?
False
Does 16 divide 45198832?
True
Is 340468521 a multiple of 2564?
False
Does 29 divide 30303576?
False
Is 3721 a factor of 172051598?
True
Is 7 a factor of 4861028?
False
Is 81010725 a multiple of 894?
False
Is 720592106 a multiple of 13?
True
Does 1055 divide 423665845?
True
Is 172342371 a multiple of 714?
False
Does 486 divide 30925553?
False
Does 51 divide 1820880693?
True
Is 1089805765 a multiple of 5045?
True
Is 23 a factor of 236335248?
False
Is 784416 a multiple of 4?
True
Is 3708 a factor of 804539477?
False
Does 129 divide 34407912?
True
Does 27 divide 117809991?
True
Is 67 a factor of 871644808?
True
Is 17040654 a multiple of 207?
True
Is 654700335 a multiple of 15?
True
Is 17 a factor of 1417120?
True
Does 414 divide 1008461101?
False
Is 208 a factor of 49304320?
True
Does 814 divide 1797605040?
True
Is 2400899907 a multiple of 133?
True
Does 613 divide 118628545?
False
Is 10 a factor of 662718315?
False
Is 3383212 a multiple of 28?
True
Is 298 a factor of 123723938?
True
Does 1915 divide 13035405?
True
Does 260 divide 31169580?
True
Does 538 divide 1378728296?
True
Is 11 a factor of 8225162?
True
Is 166729472 a multiple of 4488?
False
Is 87193704 a multiple of 404?
True
Is 10 a factor of 175120150?
True
Is 427864324 a multiple of 322?
False
Does 326 divide 168714352?
False
Is 14430924 a multiple of 12?
True
Is 16 a factor of 247700534?
False
Is 16442194 a multiple of 101?
True
Is 1666 a factor of 59672539?
False
Is 1969104 a multiple of 48?
True
Does 205 divide 125909360?
True
Does 146 divide 228143980?
True
Is 22661822 a multiple of 4?
False
Is 1132544376 a multiple of 342?
False
Is 6 a factor of 17599380?
True
Is 138481921 a multiple of 143?
False
Is 6312 a factor of 4368127277?
False
Is 1333 a factor of 383538339?
False
Is 912 a factor of 206676528?
True
Does 16 divide 231111505?
False
Is 752 a factor of 12623072?
True
Does 11 divide 260186449?
False
Does 1843 divide 681308028?
False
Does 45 divide 16385321?
False
Does 42 divide 43046388?
True
Does 20412 divide 5408506404?
True
Does 201 divide 91331586?
True
Is 516 a factor of 78703932?
True
Is 284 a factor of 10503172?
True
Does 4296 divide 605323584?
True
Is 38 a factor of 558284486?
True
Is 379 a factor of 165769313?
False
Is 338483490 a multiple of 15?
True
Is 159 a factor of 356248138?
False
Is 195852558 a multiple of 44?
False
Is 2077494785 a multiple of 4339?
False
Does 534 divide 60377244?
True
Does 14 divide 9226282?
False
Does 3006 divide 4217043915?
False
Does 19 divide 41359208?
False
Is 4686 a factor of 5083386858?
True
Is 57086471 even?
False
Is 12904752 a multiple of 193?
True
Is 1090836760 a multiple of 40?
True
Is 3 a factor of 99911470?
False
Is 217081200 a multiple of 2064?
True
Is 1100172568 a multiple of 8?
True
Does 948 divide 423539856?
True
Is 637950646 a multiple of 204?
False
Does 493 divide 125403424?
True
Is 6577460 a multiple of 22?
False
Is 53865583 a multiple of 1987?
True
Is 69 a factor of 343417278?
True
Is 35 a factor of 32474561?
False
Does 1708 divide 97764936?
False
Is 6 a factor of 15184314?
True
Does 190 divide 32728602?
False
Is 23 a factor of 80532614?
True
Does 29 divide 943400?
False
Does 4 divide 4366859?
False
Is 24751404 a multiple of 537?
True
Is 761 a factor of 77014722?
True
Is 229819904 a multiple of 32?
True
Is 1200 a factor of 550190400?
True
Is 1113806907 a multiple of 4667?
False
Is 2753253000 a multiple of 1000?
True
Is 255 a factor of 320182845?
True
Is 4 a factor of 5937002?
False
Is 17 a factor of 493044555?
False
Is 314 a factor of 22066508?
False
Is 868 a factor of 145765796?
False
Is 1120 a factor of 3781120?
True
Is 15 a factor of 32458650?
True
Does 557 divide 341953997?
True
Does 23 divide 62263576?
True
Is 867590496 a multiple of 212?
True
Does 84 divide 2612144052?
True
Is 79 a factor of 465819109?
False
Is 1180 a factor of 22661370?
False
Is 102 a factor of 2445140?
False
Is 819 a factor of 3256238764?
False
Is 13 a factor of 9929642?
False
Is 3 a factor of 270651381?
True
Is 80123220 a multiple of 90?
True
Does 375 divide 2391706015?
False
Does 367 divide 29656536?
True
Is 128491776 a multiple of 217?
True
Does 106 divide 4627291992?
False
Is 8 a factor of 91211976?
True
Is 115 a factor of 17803858?
False
Does 3994 divide 320394686?
True
Does 14 divide 1688508261?
False
Does 12 divide 40088831?
False
Is 60491260 a multiple of 1038?
False
Does 312 divide 156807177?
False
Is 36 a factor of 2457912166?
False
Does 48 divide 550721000?
False
Does 11 divide 187727329?
False
Is 2012243904 a multiple of 12?
True
Is 100 a factor of 95824213?
False
Is 37494350 a multiple of 425?
True
Is 115 a factor of 354768096?
False
Is 25515555 a multiple of 43?
True
Does 247 divide 537648111?
True
Does 23 divide 983124627?
True
Is 83420811 a multiple of 213?
True
Is 825 a factor of 4992192?
False
Does 45 divide 1887049800?
True
Does 8024 divide 706878720?
False
Is 28039104 a multiple of 122?
False
Is 30 a factor of 46970610?
True
Does 21 divide 66148239?
False
Does 216 divide 34604496?
True
Does 4 divide 175555496?
True
Does 24 divide 222074323?
False
Is 1538 a factor of 314682490?
True
Does 1416 divide 1728018390?
False
Does 13 divide 78703321?
False
Is 657 a factor of 96200029?
False
Is 1459684854 a multiple of 410?
False
Does 51 divide 742161566?
False
Does 2 divide 10514789?
False
Does 4075 divide 630897667?
False
Does 48 divide 1435608790?
False
Is 325 a factor of 140465650?
True
Is 59218437 a multiple of 42?
False
Is 7198313 even?
False
Does 9 divide 378145872?
True
Is 22 a factor of 322196968?
False
Is 7 a factor of 242497360?
True
Is 10004396 a multiple of 4?
True
Is 196 a factor of 55802180?
True
Is 23 a factor of 6955200989?
True
Is 62077050 a multiple of 5?
True
Is 8 a factor of 51351211?
False
Is 3039617 a multiple of 20?
False
Is 392355419 a multiple of 524?
False
Is 165 a factor of 19276121?
False
Does 38 divide 46493836?
True
Is 77088670 a multiple of 1103?
True
Is 8360074 a multiple of 27?
False
Is 24035810 even?
True
Is 556668796 a multiple of 3577?
False
Does 9 divide 59312936?
False
Does 337 divide 33476233?
False
Is 1006 a factor of 2352595455?
False
Is 10691004 a multiple of 258?
True
Is 421723003 a multiple of 367?
True
Does 127 divide 4811834293?
True
Is 1470503528 a multiple of 2392?
True
Is 25348526 a multiple of 773?
False
Is 75606466 a multiple of 20?
False
Does 3020 divide 40880819?
False
Is 10